0 = -r*h + 2*h + 45. What are the prime factors of h?
3, 5
Suppose 0 = d - 3 - 1. Let n(q) = 9*q + 6. What are the prime factors of n(d)?
2, 3, 7
Suppose 18 = -4*t + t. Let r be (-52)/(-5) + t/(-10). What are the prime factors of (-2)/1 + r + -3?
2, 3
Let q = -6 + 9. Suppose 0*r = -q*r + 21. Let a = -4 + r. What are the prime factors of a?
3
What are the prime factors of -14*4/16*-10?
5, 7
Let t(b) = b + 8. Suppose -3*v = 2*m - 9, -2*v + 5 = -7*v. List the prime factors of t(m).
2, 7
Let y = -48 + 68. Let p be 56/y - 1/(-5). List the prime factors of (-2 + -25)*(-1)/p.
3
Suppose 9*w = 13*w - 796. What are the prime factors of w?
199
Suppose 0 = 5*y + 2*a - 11 - 8, y = 3*a + 14. Let p(b) be the first derivative of b**4/4 - 4*b**3/3 - 3*b**2/2 - 3*b - 16. What are the prime factors of p(y)?
7
Suppose -4*x + 0 = -4. Let g be 1 + -3 - (x - 3). Suppose g = 2*q - 6*q + 36. What are the prime factors of q?
3
Suppose -5*r - 31 = -436. What are the prime factors of r?
3
Suppose -2*f = -3*f + 2*r + 30, 5*f = -3*r + 176. List the prime factors of f.
2, 17
Let k = 346 - 225. What are the prime factors of k?
11
Let f be (0 - 0)/(-6 - -4). Suppose f = y + 3*y - 16. Suppose -y*u = -9*u + 20. List the prime factors of u.
2
Let m(a) = a. Let x(c) = -c - 1. Let p be x(-8). Let l be (p*(2 - 1))/1. List the prime factors of m(l).
7
List the prime factors of (3 - (-2)/((-4)/6)) + 7.
7
What are the prime factors of 0 - 4 - (5 + 111)*-1?
2, 7
Let m be (1 - 3/(-3))/1. Let j(x) = -2 + x**3 + 7*x - 6*x**2 - x**m + 2*x - 2. List the prime factors of j(6).
2, 7
Let i = -21 - -13. Let d(y) = -y**2 - 12*y - 2. Let h be d(i). Suppose 2*v + 3*v - h = 0. List the prime factors of v.
2, 3
Let i(j) = 105 - 50 - 56 - 4*j. Suppose -4 = h - 2. What are the prime factors of i(h)?
7
Let f = -3 + 3. Let y(h) = h**3 + h**2 - 3*h - 2. Let z be y(-2). Suppose -3*p + f*p + 15 = z. List the prime factors of p.
5
Suppose 0 = -3*s - o - 1, -4 - 1 = 5*o. Let w = 14 - 24. Let z = s - w. List the prime factors of z.
2, 5
Suppose 0*o - 3*o + 153 = 0. List the prime factors of o.
3, 17
What are the prime factors of (36/(-15))/((-6)/380)?
2, 19
Let k(n) = 10*n + 1. Suppose -m - 4*b - 10 = m, -4*b - 15 = -3*m. What are the prime factors of k(m)?
11
Let f(z) = 26*z**2 + 1. List the prime factors of f(-1).
3
List the prime factors of (0 - -50)*(-18)/(-6).
2, 3, 5
Suppose -3*r - 5 + 65 = -2*v, 5*r - 5*v - 95 = 0. Suppose 4*o = 2*l + r, 0*o + 3*l = o + 7. Let u = 11 - o. List the prime factors of u.
3
Suppose -3*l = q - 87, -l + 154 = 2*q - 0*q. What are the prime factors of q?
3, 5
Let d(s) = -s**3 - 5*s**2 - 2*s + 3. Suppose -8 = -2*o - 2*o. Suppose 0 = 4*c + 18 + o. What are the prime factors of d(c)?
13
Suppose n = -1, 4*r - 2*n + 6*n = 464. Let q = -83 + r. List the prime factors of q.
2, 17
Let b = -3 - -7. Suppose -3*k = -2*r - 13, 0 = -0*k - 2*k - r + b. What are the prime factors of k?
3
Let d(p) = 15*p - 6. What are the prime factors of d(2)?
2, 3
Let a = -28 + 40. Suppose -6*r - a = -10*r. What are the prime factors of r + (-8)/(-1) + 0?
11
Suppose -3*l + 24 = -3*u, -2 = u + 3. Let p(t) = t**2 + t + 4. List the prime factors of p(l).
2
Let j(g) = g**2 + 14. What are the prime factors of j(5)?
3, 13
Let x be (2 + 0)*(3 - 1). Let c(a) = -a**3 + 3*a**2 + 3*a + 4. Let q be c(x). Suppose 2*l + 2*l - 8 = -5*z, 3*z + 12 = q. List the prime factors of l.
7
What are the prime factors of (-5*(-2)/(-30))/(2/(-642))?
107
Suppose 0 = 2*o + 2*o - 12. Suppose 0 = 2*w + o*w - a - 91, 2*a + 2 = 0. List the prime factors of w.
2, 3
Suppose 2*r = -1 + 9. Suppose 0*n = r*n + 20. Let d(c) = c**3 + 5*c**2 + c + 7. List the prime factors of d(n).
2
Let z = 1 + -1. Suppose 4*u - 44 = -z*u. Suppose 4*v - u = 1. List the prime factors of v.
3
Let x = 74 - 36. Let a = -17 + x. List the prime factors of a.
3, 7
Let u = -10 - -5. Let j be (-2 - u) + (1 - 8). List the prime factors of 44/j*(-1 + 0).
11
Suppose -4*m = -14 + 6. Suppose -19 = m*u - 93. List the prime factors of u.
37
Suppose -3*p - 5*r - 2 = 0, 4*p + r = -0*r + 20. What are the prime factors of p?
2, 3
Suppose 18*p - 19*p + 11 = 0. List the prime factors of p.
11
Let q(c) = -c + 4. Let g be q(0). Suppose s + s = -g. What are the prime factors of (-2 - 21/6)*s?
11
Suppose 10*y = 7*y + 69. Let z = -11 + y. Suppose z + 4 = 2*a. List the prime factors of a.
2
Let i be 3*(0 + 2 + -5). List the prime factors of 2/(-6) + (-120)/i.
13
What are the prime factors of (-2679)/(-15) - 6/10?
2, 89
Let s = -1 + 3. Suppose 4*y + 4*w = 0, -y + 2*w + 25 = s*y. Suppose 31 = b + 5*r, -2*b + 4*r - 38 = -y*b. List the prime factors of b.
2, 3
Suppose 0 = -4*r + 2*l + 34 + 48, -2*l = 3*r - 65. Suppose r + 89 = 5*g. List the prime factors of g.
2, 11
Suppose 29 = -5*v + 4*p, -2*v = -v + 3*p + 2. Let w = -6 + v. Let o = -7 - w. List the prime factors of o.
2
Let m(z) = -z**3 + 5*z**2 - 3*z - 3. Let o be m(5). Let k = 27 + o. What are the prime factors of k?
3
Let y = -17 - -12. Let l(j) = 2*j**3 + 13*j**2 - 5*j - 19. Let u(h) = 3*h**3 + 19*h**2 - 8*h - 28. Let x(c) = 7*l(c) - 5*u(c). List the prime factors of x(y).
7
Suppose -13*d - 50 = -3*d. Let k(v) = 3*v**2 + 3*v**3 + v**2 - 8*v - 4 - 2*v**3. List the prime factors of k(d).
11
Let b = 157 - 99. What are the prime factors of b?
2, 29
Suppose 3*u - 10 - 11 = 0. Suppose 4*n - 1 = u. Suppose -n - 18 = -2*r - 3*s, 5*s - 20 = -2*r. What are the prime factors of r?
2, 5
Suppose -2 = 5*f + w, f - 3*w - 4 = -w. Suppose f = 3*y + 4*x - 50 - 14, 4*y + 5*x = 85. Let n = y + -12. List the prime factors of n.
2
Suppose -2*m - 2*m - 16 = 0. What are the prime factors of 24/5 - m/20?
5
Let m be (56/(-32))/((-1)/4). Suppose 0 = 2*a - m*a + 15. Suppose 3*s + 5*p - 45 = 0, 0 = s - a*p - 2 + 1. List the prime factors of s.
2, 5
Let u(p) be the second derivative of p**5/20 - 5*p**4/12 - 7*p**3/6 + 3*p**2 + 2*p. Let k be u(6). Suppose -4 = -m - k. List the prime factors of m.
2
Let u(l) be the third derivative of l**4/24 + l**3/3 - l**2. Let i be u(2). What are the prime factors of i/6*(-99)/(-6)?
11
Let h be 29*3/((-6)/2). Suppose 4*n = 3*n + 40. Let b = h + n. What are the prime factors of b?
11
Let n(s) = -s**3 + s + 10. Let q be n(0). Suppose 3*i - 2*v = -q, 3*v = 5 + 1. Let c = 16 + i. What are the prime factors of c?
2, 7
Let r(d) = 3*d + 1. Let g be r(-2). Let x = g - -9. Suppose -x*v + 5*v = 10. List the prime factors of v.
2, 5
Let u be 2/7 + (-40)/(-7). Let f be (2/(-6))/((-1)/u). Suppose 0 = -2*c + f + 24. What are the prime factors of c?
13
Let u(x) = 3*x**2 - 3*x - 4. What are the prime factors of u(-2)?
2, 7
Let a(j) = 2*j + 41. List the prime factors of a(0).
41
List the prime factors of ((-2)/(-5) + (-2860)/25)/(-2).
3, 19
Suppose -40 = x - 5*w, 0 = -x - 7*w + 2*w. Let c = -11 - x. List the prime factors of c.
3
Suppose -2*n + 3 = -5, -a + 21 = 5*n. Let v = -2 + 1. What are the prime factors of (0/(-1) - v) + a?
2
Let n(g) = g**2 - 6*g + 1. Let h be n(5). Let i be (-3)/9 + h/6. List the prime factors of (14/(-6))/(i/3).
7
Let z(s) = 4 + 4 - s - 4. Let g be z(3). Suppose 0 = 2*n - n + 2*l + g, -2*n + 4*l = -30. What are the prime factors of n?
7
Let f = -13 - -22. Suppose 0 = -3*a - 15, -f + 53 = i - a. List the prime factors of i.
3, 13
Let g = -16 - -16. Suppose -3*f + 6 = g, -5*d + 136 - 8 = -f. What are the prime factors of d?
2, 13
Let a be 4/14 + (-4)/14. Suppose 0 = -a*p + 2*p + 8. What are the prime factors of p/8*(-8)/2?
2
Let g(o) = o**2 + 3*o - 7. Let c be g(7). List the prime factors of (-27)/c - (-342)/14.
2, 3
Let f = 4 - 1. Let o be -2*(-2)/8*28. Suppose y + o = f*y. What are the prime factors of y?
7
Suppose -5*h = -3*a - h - 52, -2*h + 50 = -3*a. Let o = a + 26. Suppose -17 = -3*i + o. List the prime factors of i.
3
Suppose 0 = -2*l - 5*y + 3, 0*y + 4*y = 4*l + 36. Let h = 8 + l. List the prime factors of h.
2
Let p = 22 - 18. Suppose f = -5*j - p + 30, 5*f - 58 = -j. What are the prime factors of f?
11
Suppose -87 = 12*t - 15*t. What are the prime factors of t?
29
Let m = 12 + -7. Suppose -4*h - 31 = -m*d, -4*d - 5*h = -h + 4. Suppose -y - 2*b + 9 = d*b, -y + 4*b = 0. What are the prime factors of y?
2
Suppose 4*r = -3*y + 5*y + 28, 5*r - 2*y - 34 = 0. List the prime factors of r.
2, 3
Let n(m) = -5*m - 3. List